{"id":9298,"date":"2022-01-21T09:40:44","date_gmt":"2022-01-21T09:40:44","guid":{"rendered":"http:\/\/cg.spafits.com\/?post_type=product&#038;p=9298"},"modified":"2023-07-31T11:15:54","modified_gmt":"2023-07-31T11:15:54","slug":"massage-gun-masazer","status":"publish","type":"product","link":"https:\/\/cg.spafits.com\/index.php\/product\/massage-gun-masazer\/","title":{"rendered":"Massage Gun (masazer)"},"content":{"rendered":"","protected":false},"excerpt":{"rendered":"<p>Masa\u017eer nove generacije 24V<br \/>\nBe\u017ei\u010dni pi\u0161tolj za masa\u017eu mi\u0161ic\u0301a za opu\u0161tanje tela Hiperice<br \/>\nNivo 1: 30Hz, nivo 2: 40Hz, nivo 3: 50Hz<br \/>\nBe\u017ei\u010dni \/ recargable<br \/>\nN: 1,1kg<\/p>\n","protected":false},"featured_media":9339,"template":"","meta":[],"product_brand":[],"product_cat":[84],"product_tag":[],"class_list":{"0":"post-9298","1":"product","2":"type-product","3":"status-publish","4":"has-post-thumbnail","6":"product_cat-rekviziti","8":"first","9":"instock","10":"shipping-taxable","11":"purchasable","12":"product-type-simple"},"_links":{"self":[{"href":"https:\/\/cg.spafits.com\/index.php\/wp-json\/wp\/v2\/product\/9298","targetHints":{"allow":["GET"]}}],"collection":[{"href":"https:\/\/cg.spafits.com\/index.php\/wp-json\/wp\/v2\/product"}],"about":[{"href":"https:\/\/cg.spafits.com\/index.php\/wp-json\/wp\/v2\/types\/product"}],"version-history":[{"count":1,"href":"https:\/\/cg.spafits.com\/index.php\/wp-json\/wp\/v2\/product\/9298\/revisions"}],"predecessor-version":[{"id":9340,"href":"https:\/\/cg.spafits.com\/index.php\/wp-json\/wp\/v2\/product\/9298\/revisions\/9340"}],"wp:featuredmedia":[{"embeddable":true,"href":"https:\/\/cg.spafits.com\/index.php\/wp-json\/wp\/v2\/media\/9339"}],"wp:attachment":[{"href":"https:\/\/cg.spafits.com\/index.php\/wp-json\/wp\/v2\/media?parent=9298"}],"wp:term":[{"taxonomy":"product_brand","embeddable":true,"href":"https:\/\/cg.spafits.com\/index.php\/wp-json\/wp\/v2\/product_brand?post=9298"},{"taxonomy":"product_cat","embeddable":true,"href":"https:\/\/cg.spafits.com\/index.php\/wp-json\/wp\/v2\/product_cat?post=9298"},{"taxonomy":"product_tag","embeddable":true,"href":"https:\/\/cg.spafits.com\/index.php\/wp-json\/wp\/v2\/product_tag?post=9298"}],"curies":[{"name":"wp","href":"https:\/\/api.w.org\/{rel}","templated":true}]}}