{"id":12149,"date":"2025-08-26T10:51:58","date_gmt":"2025-08-26T10:51:58","guid":{"rendered":"https:\/\/cg.spafits.com\/?post_type=product&#038;p=12149"},"modified":"2026-04-15T08:13:58","modified_gmt":"2026-04-15T08:13:58","slug":"australijska-verzija-stabilne-stolice-za-vezbanje","status":"publish","type":"product","link":"https:\/\/cg.spafits.com\/index.php\/product\/australijska-verzija-stabilne-stolice-za-vezbanje\/","title":{"rendered":"Australian Version Steady Chair for Treading (White Maple) \u2192 Australijska verzija stabilne stolice za ve\u017ebanje (beli javor) &#8211; pilates oprema"},"content":{"rendered":"<p data-start=\"70\" data-end=\"124\">Konstrukcija od bijelog javora \u2013 \u010dvrsta i dugotrajna<\/p>\n<p data-start=\"126\" data-end=\"171\">Kompaktan dizajn, pogodan za manje prostore<\/p>\n<p data-start=\"173\" data-end=\"216\">Podesive opruge za razli\u010dite nivoe otpora<\/p>\n<p data-start=\"218\" data-end=\"271\">Raznovrsne vje\u017ebe za ja\u010danje i stabilizaciju tijela<\/p>\n<p data-start=\"273\" data-end=\"337\">Profesionalna upotreba u pilates studijima i wellness centrima<\/p>\n<p data-start=\"339\" data-end=\"418\">Dostupno od oktobra 2025<br data-start=\"363\" data-end=\"366\" \/>Novo u ponudi \u2013 Sparta Fitness Solutions Crna Gora<\/p>\n","protected":false},"excerpt":{"rendered":"<p data-start=\"41\" data-end=\"363\"><strong data-start=\"41\" data-end=\"90\">Australian Version Steady Chair (White Maple)<\/strong> je profesionalna pilates stolica osmi\u0161ljena za razvoj balansa, snage i stabilnosti. Zahvaljuju\u0107i svojoj kompaktnosti, idealna je za manje prostore, a istovremeno pru\u017ea \u0161irok spektar vje\u017ebi za cijelo tijelo \u2013 od donjih ekstremiteta, preko trupa, do gornjeg dijela tijela.<\/p>\n<p data-start=\"365\" data-end=\"659\">Izra\u0111ena od bijelog javora, ova stolica kombinuje izdr\u017eljivost i prirodan izgled sa ergonomski dizajniranim sjedi\u0161tem i podesivim oprugama, \u0161to omogu\u0107ava prilago\u0111avanje razli\u010ditim nivoima intenziteta. Pogodna je kako za profesionalne studije i fitnes centre, tako i za individualne korisnike.<\/p>\n","protected":false},"featured_media":19466,"template":"","meta":[],"product_brand":[],"product_cat":[133],"product_tag":[],"class_list":{"0":"post-12149","1":"product","2":"type-product","3":"status-publish","4":"has-post-thumbnail","6":"product_cat-pilates-oprema","8":"first","9":"instock","10":"shipping-taxable","11":"purchasable","12":"product-type-simple"},"_links":{"self":[{"href":"https:\/\/cg.spafits.com\/index.php\/wp-json\/wp\/v2\/product\/12149","targetHints":{"allow":["GET"]}}],"collection":[{"href":"https:\/\/cg.spafits.com\/index.php\/wp-json\/wp\/v2\/product"}],"about":[{"href":"https:\/\/cg.spafits.com\/index.php\/wp-json\/wp\/v2\/types\/product"}],"version-history":[{"count":2,"href":"https:\/\/cg.spafits.com\/index.php\/wp-json\/wp\/v2\/product\/12149\/revisions"}],"predecessor-version":[{"id":12205,"href":"https:\/\/cg.spafits.com\/index.php\/wp-json\/wp\/v2\/product\/12149\/revisions\/12205"}],"wp:featuredmedia":[{"embeddable":true,"href":"https:\/\/cg.spafits.com\/index.php\/wp-json\/wp\/v2\/media\/19466"}],"wp:attachment":[{"href":"https:\/\/cg.spafits.com\/index.php\/wp-json\/wp\/v2\/media?parent=12149"}],"wp:term":[{"taxonomy":"product_brand","embeddable":true,"href":"https:\/\/cg.spafits.com\/index.php\/wp-json\/wp\/v2\/product_brand?post=12149"},{"taxonomy":"product_cat","embeddable":true,"href":"https:\/\/cg.spafits.com\/index.php\/wp-json\/wp\/v2\/product_cat?post=12149"},{"taxonomy":"product_tag","embeddable":true,"href":"https:\/\/cg.spafits.com\/index.php\/wp-json\/wp\/v2\/product_tag?post=12149"}],"curies":[{"name":"wp","href":"https:\/\/api.w.org\/{rel}","templated":true}]}}