{"id":11367,"date":"2024-10-22T10:15:07","date_gmt":"2024-10-22T10:15:07","guid":{"rendered":"https:\/\/cg.spafits.com\/?post_type=product&#038;p=11367"},"modified":"2025-09-01T11:39:51","modified_gmt":"2025-09-01T11:39:51","slug":"barbell-rack-2","status":"publish","type":"product","link":"https:\/\/cg.spafits.com\/index.php\/product\/barbell-rack-2\/","title":{"rendered":"Barbell Rack"},"content":{"rendered":"<p>97cm\u00d776cm\u00d7145cm<br \/>\nN.V.: 88 kg<\/p>\n<p><strong>\u0160EMA ZA SASTAVLJANJE: <a href=\"https:\/\/cg.spafits.com\/wp-content\/uploads\/2025\/07\/1603-gotov.pdf\">BARBELL RACK<\/a><\/strong><\/p>\n","protected":false},"excerpt":{"rendered":"<p>97cm\u00d776cm\u00d7145cm N.V.: 88 kg \u0160EMA ZA SASTAVLJANJE: BARBELL RACK<\/p>\n","protected":false},"featured_media":11377,"template":"","meta":[],"product_brand":[],"product_cat":[70],"product_tag":[],"class_list":{"0":"post-11367","1":"product","2":"type-product","3":"status-publish","4":"has-post-thumbnail","6":"product_cat-oprema-za-teretane","8":"first","9":"instock","10":"shipping-taxable","11":"purchasable","12":"product-type-simple"},"_links":{"self":[{"href":"https:\/\/cg.spafits.com\/index.php\/wp-json\/wp\/v2\/product\/11367","targetHints":{"allow":["GET"]}}],"collection":[{"href":"https:\/\/cg.spafits.com\/index.php\/wp-json\/wp\/v2\/product"}],"about":[{"href":"https:\/\/cg.spafits.com\/index.php\/wp-json\/wp\/v2\/types\/product"}],"version-history":[{"count":3,"href":"https:\/\/cg.spafits.com\/index.php\/wp-json\/wp\/v2\/product\/11367\/revisions"}],"predecessor-version":[{"id":12034,"href":"https:\/\/cg.spafits.com\/index.php\/wp-json\/wp\/v2\/product\/11367\/revisions\/12034"}],"wp:featuredmedia":[{"embeddable":true,"href":"https:\/\/cg.spafits.com\/index.php\/wp-json\/wp\/v2\/media\/11377"}],"wp:attachment":[{"href":"https:\/\/cg.spafits.com\/index.php\/wp-json\/wp\/v2\/media?parent=11367"}],"wp:term":[{"taxonomy":"product_brand","embeddable":true,"href":"https:\/\/cg.spafits.com\/index.php\/wp-json\/wp\/v2\/product_brand?post=11367"},{"taxonomy":"product_cat","embeddable":true,"href":"https:\/\/cg.spafits.com\/index.php\/wp-json\/wp\/v2\/product_cat?post=11367"},{"taxonomy":"product_tag","embeddable":true,"href":"https:\/\/cg.spafits.com\/index.php\/wp-json\/wp\/v2\/product_tag?post=11367"}],"curies":[{"name":"wp","href":"https:\/\/api.w.org\/{rel}","templated":true}]}}