{"id":11029,"date":"2024-05-22T06:49:25","date_gmt":"2024-05-22T06:49:25","guid":{"rendered":"https:\/\/cg.spafits.com\/?post_type=product&#038;p=11029"},"modified":"2026-04-15T10:51:44","modified_gmt":"2026-04-15T10:51:44","slug":"stojeci-aduktor-standing-abductor","status":"publish","type":"product","link":"https:\/\/cg.spafits.com\/index.php\/product\/stojeci-aduktor-standing-abductor\/","title":{"rendered":"Stoje\u0107i aduktor &#8211; Standing abductor"},"content":{"rendered":"<p>Dimenzije: 1615 x 745 x 1480mm<br \/>\nPaket: 1420 x 620 x 670mm<br \/>\nNeto te\u017eina: 90 kg<\/p>\n<p><strong>Kako se izvode ve\u017ebe:<\/strong><\/p>\n<ol>\n<li>Stanite uspravno, dr\u017ee\u0107i se za ru\u010dke na spravi.<\/li>\n<li>Postavite stopalo jedne noge na platformu ili podlogu sprave.<\/li>\n<li>Polako pomerajte nogu u stranu, dr\u017ee\u0107i telo stabilnim i uspravnim.<\/li>\n<li>Vratite nogu u po\u010detni polo\u017eaj kontrolisanim pokretom.<\/li>\n<li>Ponovite ve\u017ebu za obe noge, vode\u0107i ra\u010duna o pravilnom disanju i dr\u017eanju tela<\/li>\n<\/ol>\n<p><strong>\u0160EMA ZA SASTAVLJANJE: <a href=\"https:\/\/spartafitness.rs\/wp-content\/uploads\/2025\/04\/Stojeci-aduktor-\u2013-Standing-adductor-1832.pdf\">STANDING ADDUCTOR<\/a><\/strong><\/p>\n","protected":false},"excerpt":{"rendered":"<p>Stoje\u0107i abduktor je sprava za ve\u017ebanje dizajnirana za ja\u010danje i oblikovanje mi\u0161i\u0107a spoljne strane butina. Ve\u017ebanje na ovoj spravi poma\u017ee u pove\u0107anju stabilnosti kukova i pobolj\u0161anju pokretljivosti donjeg dela tela. Idealna je za sve koji \u017eele da unaprede svoj trening nogu i postignu bolju definiciju mi\u0161i\u0107a.<\/p>\n<p>Dimenzije: 1615 x 745 x 1480mm<br \/>\nPaket: 1420 x 620 x 670mm<br \/>\nNeto te\u017eina: 90 kg<\/p>\n","protected":false},"featured_media":11030,"template":"","meta":[],"product_brand":[],"product_cat":[85],"product_tag":[],"class_list":{"0":"post-11029","1":"product","2":"type-product","3":"status-publish","4":"has-post-thumbnail","6":"product_cat-funkcionalna-oprema","8":"first","9":"instock","10":"shipping-taxable","11":"purchasable","12":"product-type-simple"},"_links":{"self":[{"href":"https:\/\/cg.spafits.com\/index.php\/wp-json\/wp\/v2\/product\/11029","targetHints":{"allow":["GET"]}}],"collection":[{"href":"https:\/\/cg.spafits.com\/index.php\/wp-json\/wp\/v2\/product"}],"about":[{"href":"https:\/\/cg.spafits.com\/index.php\/wp-json\/wp\/v2\/types\/product"}],"version-history":[{"count":4,"href":"https:\/\/cg.spafits.com\/index.php\/wp-json\/wp\/v2\/product\/11029\/revisions"}],"predecessor-version":[{"id":12137,"href":"https:\/\/cg.spafits.com\/index.php\/wp-json\/wp\/v2\/product\/11029\/revisions\/12137"}],"wp:featuredmedia":[{"embeddable":true,"href":"https:\/\/cg.spafits.com\/index.php\/wp-json\/wp\/v2\/media\/11030"}],"wp:attachment":[{"href":"https:\/\/cg.spafits.com\/index.php\/wp-json\/wp\/v2\/media?parent=11029"}],"wp:term":[{"taxonomy":"product_brand","embeddable":true,"href":"https:\/\/cg.spafits.com\/index.php\/wp-json\/wp\/v2\/product_brand?post=11029"},{"taxonomy":"product_cat","embeddable":true,"href":"https:\/\/cg.spafits.com\/index.php\/wp-json\/wp\/v2\/product_cat?post=11029"},{"taxonomy":"product_tag","embeddable":true,"href":"https:\/\/cg.spafits.com\/index.php\/wp-json\/wp\/v2\/product_tag?post=11029"}],"curies":[{"name":"wp","href":"https:\/\/api.w.org\/{rel}","templated":true}]}}