{"id":10301,"date":"2022-12-21T07:01:39","date_gmt":"2022-12-21T07:01:39","guid":{"rendered":"https:\/\/cg.spafits.com\/?page_id=10301"},"modified":"2022-12-21T07:01:40","modified_gmt":"2022-12-21T07:01:40","slug":"akcijske-ponude-i-dostupnost-proizvoda","status":"publish","type":"page","link":"https:\/\/cg.spafits.com\/index.php\/akcijske-ponude-i-dostupnost-proizvoda\/","title":{"rendered":"Akcijske ponude i dostupnost proizvoda"},"content":{"rendered":"\n<p>Sparta Fitness Solutions Montenegro kao odgovorna kompanija koja posluje regionalno se maksimalno trudi za ta\u010dnost informacija na na\u0161em web sajtu, kada je rije\u010d o prikazu proizvoda, cijenama, akcijskim ponudama, dostupnosti artikala i drugo. S obzirom da poslujemo kroz vi\u0161e od 5 kanala distribucije ( web shop, facebook, instagram, li\u010dna preporuka, B2B poslovanje ) , nismo u mogu\u0107nosti da u svakom momentu a\u017euriramo trenutno stanje na web shopu, s toga Sparta Fitness Solutions MONTENEGRO NE SNOSI NIKAKVU ODGOVORNOST za eventualne nedostatke informacija vezanim za cIJenu, dostupnost, opis odre\u0111enog proizvoda. Kao \u0161to smo napisali na samom po\u010detku, trudimo se da sva stanja budu u realnom vremenu uvek a\u017eurirana i trudi\u0107emo se jo\u0161 vi\u0161e za \u0161to ta\u010dniji prikaz podataka.<\/p>\n\n\n\n<p>Akcijske ponude u organizaciji na\u0161e kompanije su uvek jasno prikazane i uvek va\u017ee do odre\u0111enog datuma ili do isteka zaliha odre\u0111enog proizvoda.<\/p>\n\n\n\n<p>Apelujem na sve na\u0161e kupce da ako imaju neku dilemu u svakom slu\u010daju nas kontaktiraju putem emaila sa upitom za odre\u0111ene proizvode, na\u0161 zvani\u010dni email je office@spafits.com .<\/p>\n","protected":false},"excerpt":{"rendered":"<p>Sparta Fitness Solutions Montenegro kao odgovorna kompanija koja posluje regionalno se maksimalno trudi za ta\u010dnost informacija na na\u0161em web sajtu,<\/p>\n","protected":false},"author":1,"featured_media":0,"parent":0,"menu_order":0,"comment_status":"closed","ping_status":"closed","template":"","meta":{"footnotes":""},"class_list":["post-10301","page","type-page","status-publish","hentry"],"_links":{"self":[{"href":"https:\/\/cg.spafits.com\/index.php\/wp-json\/wp\/v2\/pages\/10301","targetHints":{"allow":["GET"]}}],"collection":[{"href":"https:\/\/cg.spafits.com\/index.php\/wp-json\/wp\/v2\/pages"}],"about":[{"href":"https:\/\/cg.spafits.com\/index.php\/wp-json\/wp\/v2\/types\/page"}],"author":[{"embeddable":true,"href":"https:\/\/cg.spafits.com\/index.php\/wp-json\/wp\/v2\/users\/1"}],"replies":[{"embeddable":true,"href":"https:\/\/cg.spafits.com\/index.php\/wp-json\/wp\/v2\/comments?post=10301"}],"version-history":[{"count":1,"href":"https:\/\/cg.spafits.com\/index.php\/wp-json\/wp\/v2\/pages\/10301\/revisions"}],"predecessor-version":[{"id":10302,"href":"https:\/\/cg.spafits.com\/index.php\/wp-json\/wp\/v2\/pages\/10301\/revisions\/10302"}],"wp:attachment":[{"href":"https:\/\/cg.spafits.com\/index.php\/wp-json\/wp\/v2\/media?parent=10301"}],"curies":[{"name":"wp","href":"https:\/\/api.w.org\/{rel}","templated":true}]}}